s the units digit of l?
2
Let z(r) = -14*r**3 - 18*r**2 - 50*r + 202. What is the tens digit of z(-17)?
3
What is the tens digit of (9019 - -50)/((-6)/(-10))?
1
Let y(q) = -2*q - 105. Let r(a) = -21. Let g(l) = 11*r(l) - 2*y(l). Let h be g(8). Suppose h*t - 221 + 56 = 0. What is the tens digit of t?
1
Let p = -80 - -37. Let u = -46 - p. Let y(d) = -2*d**3 + 3*d + 3. What is the units digit of y(u)?
8
Suppose 6*y - 2066 = 682. Suppose -16*f - y + 13674 = 0. What is the tens digit of f?
2
Suppose o - 5358 = -4*g + 10562, -4*g - 16 = 0. What is the hundreds digit of o?
9
Suppose 2*x = -3*f + 11551 + 36049, -2*f + 47600 = 2*x. What is the ten thousands digit of x?
2
Let q(a) = 9*a**2 - 72*a + 420. What is the hundreds digit of q(6)?
3
Suppose 0 = 2*s, -p + 0 = 2*s + 10. Let k be (p/(-4) + 0)*(1 - 7). What is the units digit of ((-55)/k - 4) + (-25)/(-3)?
8
Let q(v) = 630*v + 302. What is the thousands digit of q(5)?
3
Suppose 48038 = -53*x + 446704. What is the hundreds digit of x?
5
Let q(j) = -49*j + 6. Let s be q(0). What is the units digit of 297 - (150/(-20))/(s/(-4))?
2
Suppose -216860 - 68043 + 76944 = -29*u. What is the thousands digit of u?
7
Let l be (1 - (-1 - -3)*-2) + -1. Suppose l*i = -15*i + 17613. What is the hundreds digit of i?
9
Let u(x) = -3*x**3 - 7*x**2 - 5*x - 4. Let i be u(-5). Suppose -3*b + 308 = h - 6*h, -2*h - 434 = -4*b. Let q = i - b. What is the hundreds digit of q?
1
Let m = -1025 + 476. Let f = 992 + m. What is the units digit of f?
3
Let c(s) = -s + 15. Let l be c(12). Suppose 7*d + 456 = l*d. Let x = d - -161. What is the units digit of x?
7
Let s(l) = l - 9. Let v be s(4). Let w(c) = 43*c**2 + 32*c + 151. What is the units digit of w(v)?
6
Let x(d) = d + 29. Let t = 29 + 1. Suppose 42*p - 45*p - t = 0. What is the units digit of x(p)?
9
Let f be (3 - 1) + 0 + 1. Let x be -9 + 1672/5 + (-2)/5. Suppose 5*c - d + x = 1428, f*d = c - 229. What is the units digit of c?
0
Suppose -8439 + 722741 = 62*d. What is the tens digit of d?
2
Suppose 15 = -2*y + 3*v, 0 = 3*y + 3*v + 2*v - 25. Let o be 20/(-5) + (y - -69). Suppose -d - 171 = -5*u - 2*d, -3*d - o = -2*u. What is the units digit of u?
4
Suppose 4*o - 5*i = -59, 2*i - 3*i + 63 = -4*o. Suppose 2*u = -x - 2, -3*u - 119 = -4*x - 116. What is the units digit of (2 + x)/(o/(-784))?
8
Let w = 7139 - 1910. What is the thousands digit of w?
5
Suppose -44*g + 5*g + 91350 = 3*g. What is the thousands digit of g?
2
Suppose 0 = -71*t + 127*t - 326424. What is the hundreds digit of t?
8
Let b(d) = 11*d**2 - 9*d + 17. Let l be b(11). Suppose -6*h + 747 = -3*h - 3*r, -5*h = -4*r - l. What is the hundreds digit of h?
2
Suppose 17*d - 37469 = 108850. What is the thousands digit of d?
8
Let m(d) = 7*d + 54. Let s be m(-5). Suppose -5*p = -3*j - 585, -3*p + 16*j + 327 = s*j. What is the units digit of p?
4
Let i(x) be the first derivative of -x**3/3 - 19*x**2/2 + 12*x - 26. Let h be i(8). What is the tens digit of h*(-2 + 6/(-9) + 2)?
3
Let w(a) = 1780*a + 1212. What is the tens digit of w(4)?
3
Let s be 1*-167*(4 - 5). Let q = s + 190. What is the units digit of q?
7
Suppose 9 = 3*g, -4*g + 35 = 4*o - 25. What is the tens digit of 13/78 - (-9166)/o?
6
Suppose -8 = -4*w - 0. Let j = -1233 + 1355. Suppose 5*s + 70 - 213 = -3*q, w*q = 2*s + j. What is the units digit of q?
6
Let a = 7743 - 7664. What is the tens digit of a?
7
Suppose 5*m - 230 + 103 - 133 = 0. What is the tens digit of m?
5
Let y(m) = 263*m**2 + 32*m + 170. What is the tens digit of y(-5)?
8
Let a be (10/6)/((-50)/60). Let d(o) = 110*o**2 + 1. Let g be d(1). What is the units digit of (a - (0 - 3)) + g?
2
Suppose -18*p + 80*p - 294842 = 24*p. What is the hundreds digit of p?
7
Let v(y) = -2*y**2 - 10*y + 13. Let m be (-12)/30 - (17/(-5))/1. Let b be (3 + (-4)/8*m)*-4. What is the units digit of v(b)?
1
Let q(j) = 11 + 420*j**3 - 209*j**3 + 21*j - 3*j**2 - 215*j**3. What is the tens digit of q(-6)?
4
Let a be (-95)/(-38) - (-11)/(-2). What is the tens digit of (a + 434)/(-2*3/(-6))?
3
Let m(s) = -1528*s**2 - 17*s - 21. Let g(u) = 1526*u**2 + 16*u + 21. Let j(l) = -5*g(l) - 6*m(l). What is the units digit of j(-1)?
7
Suppose -6*x - 202 = -622. What is the tens digit of 1/(12/16 + -1) + x?
6
Suppose -2*m = 3*a + 6 - 25, -2*m = 4*a - 24. Suppose 1897 = a*r - 268. What is the hundreds digit of r?
4
Suppose -72*h + 3591322 = 94*h - 24*h. What is the units digit of h?
1
Suppose 93*c = 103*c - 20. Suppose -c*t + 8 = 0, 4*t = 5*m - 4596 - 2003. What is the hundreds digit of m?
3
Let f = -59 - -54. Let t(w) = -w**3 - 5*w**2 - w - 6. Let u be t(f). What is the tens digit of (22/(-4))/(2*u/4)?
1
Let v = 2316 - -4076. What is the tens digit of v?
9
Let u = 39193 + -24818. What is the units digit of u?
5
Suppose -3*w - 21 = -138. Suppose -w + 29 = -5*p. Suppose 3*n = s - n - 95, 0 = p*n - 2. What is the tens digit of s?
9
Suppose 0 = 157*j - 95*j - 660114. What is the hundreds digit of j?
6
Suppose -10*c + 8417 - 1787 = 0. What is the units digit of 102/c + 7016/26?
0
Suppose -85*z - 45231 = -88*z - n, -8*n = 2*z - 30198. What is the tens digit of z?
7
Let q(j) = j + 18. Let d be q(-14). Let f(o) = 30*o**2 - 13*o + 28. What is the hundreds digit of f(d)?
4
Let o(g) = -g**3 + 6*g**2 + 5*g + 1. Suppose 44 = -2*v + 6*v. Suppose -2*r + 3*s + v = 4*s, 5 = 2*r - 5*s. What is the units digit of o(r)?
1
Let x = -13 - -17. Suppose -4 = -x*g + 3*g. Suppose -g*m + 338 = 2*i + 3*i, -5*m - 122 = -2*i. What is the units digit of i?
6
Suppose -5*v + 60085 = -q, -9321 = 4*v - 5*q - 57368. What is the tens digit of v?
1
Let m(k) = k**2 + 18*k + 32. Let o be (-3)/(-12) + (0 - 65/4). Let n be m(o). Suppose n = 4*v - 20, -2*q + 6*q - 5*v = 371. What is the units digit of q?
9
Let b(j) = j**2 - 15*j - 10. Let z be b(16). Suppose z*y - 1774 = 224. What is the units digit of y?
3
Let j = 4233 - 1496. What is the hundreds digit of j?
7
Let b be (39/(-26))/((-3)/2). What is the thousands digit of 13/(78/6462) + 3/b?
1
Suppose 0 = -13*v + 136014 + 94892. What is the thousands digit of v?
7
Suppose 0 = d - 2*u - 231, 3*u + 2*u = -d + 203. Suppose -2*s - h = -d, -6*s + 2*h + 535 = -s. What is the tens digit of -3 + s - (-8 + 7)?
0
Let m(k) = 147*k**2 - 6*k - 55. What is the tens digit of m(9)?
9
What is the thousands digit of 3332 - ((-5)/(-10))/((-3)/24)?
3
Let z be (4/(-4)*4 - -3)*1. What is the units digit of 420 - 0 - -1*(z + -2)?
7
Let d be (-2)/(6/(-10) + (-190)/(-400)). Let z be d/(-28) - 8/(-14). Suppose -18*m + 17*m + 84 = z. What is the units digit of m?
4
Let b be (-3)/(-6) - (-9)/(-2). Let v(q) = 9*q**2 + 12*q**2 + 5 + 0 - 14*q + 17*q - 17*q**2. What is the units digit of v(b)?
7
Let f(y) be the second derivative of y**5/10 + y**4/12 - 2*y**3/3 - 2*y**2 - 21*y. Let h = -23 + 27. What is the tens digit of f(h)?
2
Suppose -9 = -3*h + 3. Suppose -4*r = r + h*j - 634, -123 = -r + 3*j. Let t = 344 - r. What is the tens digit of t?
1
Let k = -1072 + 1670. Let o = k + -329. What is the units digit of o?
9
Suppose 3*a - 9 = 0, 2*x - 3*a - 27129 = 75056. What is the hundreds digit of x?
0
Let d = -25789 + 71134. What is the ten thousands digit of d?
4
Suppose 6*n + 72 = -168. What is the units digit of 20/n - 1826/(-4)?
6
Suppose -24*q + 89280 = 12*q. Suppose 0 = 4*m + 3*p - 4*p - 11, -3*p + 35 = 5*m. Suppose -q = -4*c - m*c. What is the units digit of c?
0
Let v = 93400 + -43919. What is the ten thousands digit of v?
4
What is the thousands digit of (3 + 0)*2/33 - 41409/(-33)?
1
What is the tens digit of (13128/(-20))/((-8)/60)?
2
What is the thousands digit of (30/(-3))/((-280)/606620)?
1
Let q(r) = -6*r**2 + 10*r + 22. Let n(z) = 31*z**2 - 49*z - 109. Let x(t) = -2*n(t) - 11*q(t). What is the tens digit of x(13)?
9
Let o be ((-3)/20*-4)/(8/9320). Suppose -1511*v = -1512*v + o. What is the tens digit of v?
9
Suppose -137 + 122 = -5*l. Suppose -4*r - 1236 = -3*n, n + 2*r = -0*r + 402. Suppose l*g = -g + n. What is the units digit of g?
2
Let u(t) = 250*t - 62. Let c be u(4). Suppose -4*z + 4*h + 744 = 0, 2*h = 5*z + h - c. What is the tens digit of z?
8
Suppose 5*m = -5*x + 30, 4*m = x - m + 6. What is the hundreds digit of -8*x/8 - 370*-1?
3
Suppose 19*j - 9 = 48. Let h(f) = 34*f**3 - 13*f**2 + 3*f - 6. What is the units digit of h(j)?
4
Let t be -1 